{"id":80,"date":"2018-12-11T12:02:14","date_gmt":"2018-12-11T10:02:14","guid":{"rendered":"https:\/\/demo.eccola.fi\/sim-ipaf-2018\/?page_id=80"},"modified":"2018-12-11T12:02:14","modified_gmt":"2018-12-11T10:02:14","slug":"tietosuojaseloste","status":"publish","type":"page","link":"https:\/\/simeri.fi\/henkilonostinkorttikoulutus\/tietosuojaseloste\/","title":{"rendered":"Tietosuojaseloste &#8211; Koulutusrekisteri"},"content":{"rendered":"<p><strong>EU:n yleinen tietosuoja-asetus (2016\/679)<\/strong><br \/>\n<strong>Henkil\u00f6tietolaki (1999\/523) 10\u00a7 ja 24\u00a7<\/strong><\/p>\n<p>P\u00e4ivitetty 11.12.2018<\/p>\n<p>    <strong>1. Rekisterinpit\u00e4j\u00e4<\/strong><\/p>\n<p>Simeri Oy (Y 0944332-6),<br \/>\nRiihikuja 3, 01720 Vantaa, p.020 770 5800<br \/>\nwww.simeri.fi, info@simeri.fi<\/p>\n<p>    <strong>2. Yhteyshenkil\u00f6 rekisteri\u00e4 koskevissa asioissa<\/strong><\/p>\n<p>Satu Savolainen, Simeri Oy, Riihikuja 3, 01720 Vantaa<br \/>\nsatu.savolainen@simeri.fi<\/p>\n<p>    <strong>3. Rekisterin nimi<\/strong><\/p>\n<p>Koulutusrekisteri<\/p>\n<p>    <strong>4. Henkil\u00f6tietojen k\u00e4sittelyn tarkoitus ja oikeusperuste<\/strong><\/p>\n<p>Henkil\u00f6tietojen k\u00e4sittely perustuu rekister\u00f6idyn suostumukseen ja k\u00e4sittelyn tarkoitus on koulutuksen toteutus ja p\u00e4tevyystietojen yll\u00e4pito. <\/p>\n<p>    <strong>5. Rekisterin tietosis\u00e4lt\u00f6<\/strong><\/p>\n<p>Rekisteriin kirjataan nimi, syntym\u00e4aika ja yhteystiedot. Lis\u00e4ksi kertyy tietoja suoritetuista koulutuksista.<\/p>\n<p>    <strong>6. S\u00e4\u00e4nn\u00f6nmukaiset tietol\u00e4hteet<\/strong><\/p>\n<p>Tiedot saadaan rekister\u00f6idylt\u00e4 itselt\u00e4\u00e4n.<\/p>\n<p>    <strong>7. Tietojen s\u00e4\u00e4nn\u00f6nmukaiset luovutukset<\/strong><\/p>\n<p>IPAF-koulutukseen osallistuvien tiedot kirjataan IPAF:n (International Powered Access Federation) PAL-korttirekisteriin.<\/p>\n<p>    <strong>8. Tietojen siirto EU:n tai ETA:n ulkopuolelle<\/strong><\/p>\n<p>Tietoja ei siirret\u00e4 EU:n ja ETA:n ulkopuolelle.<\/p>\n<p>    <strong>9. Rekisterin suojauksen periaatteet<\/strong><\/p>\n<p>Henkil\u00f6tiedot s\u00e4ilytet\u00e4\u00e4n luottamuksellisina. Jokainen rekisterin tietoja k\u00e4sittelev\u00e4 on saanut perehdytyksen Simerin tietosuojaperiaatteisiin. Henkil\u00f6tietoja sis\u00e4lt\u00e4v\u00e4 paperiaineisto s\u00e4ilytet\u00e4\u00e4n toimitiloissa, joihin p\u00e4\u00e4sy on asiattomilta estetty.<br \/>\nTietoverkko ja laitteisto, jolla s\u00e4hk\u00f6inen aineisto sijaitsee, on suojattu palomuurein, salasanoin sek\u00e4 muilla yleisesti hyv\u00e4ksytyill\u00e4 teknisill\u00e4 keinoilla. K\u00e4ytt\u00f6oikeudet on rajoitettu teht\u00e4v\u00e4kuvien mukaisesti.<\/p>\n<p>    <strong>10. Henkil\u00f6tietojen s\u00e4ilytysaika<\/strong><\/p>\n<p>Henkil\u00f6st\u00f6rekisteriin ker\u00e4ttyj\u00e4 tietoja s\u00e4ilytet\u00e4\u00e4n ainoastaan niin kauan ja siin\u00e4 laajuudessa kuin p\u00e4tevyyksien hallinnan toteuttaminen edellytt\u00e4\u00e4. Rekisterin tietojen oikeusperustetta ja k\u00e4sittelyn tarvetta arvioidaan v\u00e4hint\u00e4\u00e4n viiden (5) vuoden v\u00e4lein.<br \/>\nSimerin johto arvioi tietojen s\u00e4ilytt\u00e4misen tarpeellisuutta s\u00e4\u00e4nn\u00f6llisten k\u00e4yt\u00e4nnes\u00e4\u00e4nt\u00f6jens\u00e4 mukaisesti. Lis\u00e4ksi rekisterinpit\u00e4j\u00e4 toteuttaa kaikki kohtuulliset toimenpiteet sen varmistamiseksi, ett\u00e4 &#8211; k\u00e4sittelyn tarkoituksiin n\u00e4hden &#8211; ep\u00e4tarkat, virheelliset tai vanhentuneet henkil\u00f6tiedot poistetaan tai oikaistaan viipym\u00e4tt\u00e4.<\/p>\n<p>    <strong>11. Rekister\u00f6idyn oikeudet<\/strong><\/p>\n<p>Pyynn\u00f6t rekister\u00f6idyn oikeuksien toteuttamiseksi osoitetaan t\u00e4ss\u00e4 selosteessa mainitulle yhteyshenkil\u00f6lle.<br \/>\nRekister\u00f6idyll\u00e4 on oikeus saada kopio rekisteriss\u00e4 olevista tiedoistaan ja oikeus ilman aiheetonta viiv\u00e4styst\u00e4 saada virheelliset ja puutteelliset tiedot korjattua.<\/p>\n<p>    <strong>12. Lis\u00e4tietoja<\/strong><\/p>\n<p>Rekister\u00f6idyn halutessa lis\u00e4tietoa henkil\u00f6tietojensa k\u00e4sittelyst\u00e4, h\u00e4n voi olla yhteydess\u00e4 kohdassa 2 mainittuun yhteyshenkil\u00f6\u00f6n.<\/p>\n","protected":false},"excerpt":{"rendered":"<p>EU:n yleinen tietosuoja-asetus (2016\/679) Henkil\u00f6tietolaki (1999\/523) 10\u00a7 ja 24\u00a7 P\u00e4ivitetty 11.12.2018 1. Rekisterinpit\u00e4j\u00e4 Simeri Oy (Y 0944332-6), Riihikuja 3, 01720 Vantaa, p.020 770 5800 www.simeri.fi, info@simeri.fi 2. Yhteyshenkil\u00f6 rekisteri\u00e4 koskevissa asioissa Satu Savolainen, Simeri Oy, Riihikuja 3, 01720 Vantaa satu.savolainen@simeri.fi 3. Rekisterin nimi Koulutusrekisteri 4. Henkil\u00f6tietojen k\u00e4sittelyn tarkoitus ja oikeusperuste Henkil\u00f6tietojen k\u00e4sittely perustuu rekister\u00f6idyn suostumukseen [&hellip;]<\/p>\n","protected":false},"author":1,"featured_media":0,"parent":0,"menu_order":0,"comment_status":"closed","ping_status":"closed","template":"","meta":{"_acf_changed":false,"footnotes":""},"class_list":["post-80","page","type-page","status-publish","hentry"],"acf":[],"yoast_head":"<!-- This site is optimized with the Yoast SEO plugin v27.4 - https:\/\/yoast.com\/product\/yoast-seo-wordpress\/ -->\n<title>Tietosuojaseloste - Koulutusrekisteri - Simeri - IPAF - henkil\u00f6nostinkortti koulutukset<\/title>\n<meta name=\"robots\" content=\"index, follow, max-snippet:-1, max-image-preview:large, max-video-preview:-1\" \/>\n<link rel=\"canonical\" href=\"https:\/\/simeri.fi\/henkilonostinkorttikoulutus\/tietosuojaseloste\/\" \/>\n<meta property=\"og:locale\" content=\"fi_FI\" \/>\n<meta property=\"og:type\" content=\"article\" \/>\n<meta property=\"og:title\" content=\"Tietosuojaseloste - Koulutusrekisteri - Simeri - IPAF - henkil\u00f6nostinkortti koulutukset\" \/>\n<meta property=\"og:description\" content=\"EU:n yleinen tietosuoja-asetus (2016\/679) Henkil\u00f6tietolaki (1999\/523) 10\u00a7 ja 24\u00a7 P\u00e4ivitetty 11.12.2018 1. Rekisterinpit\u00e4j\u00e4 Simeri Oy (Y 0944332-6), Riihikuja 3, 01720 Vantaa, p.020 770 5800 www.simeri.fi, info@simeri.fi 2. Yhteyshenkil\u00f6 rekisteri\u00e4 koskevissa asioissa Satu Savolainen, Simeri Oy, Riihikuja 3, 01720 Vantaa satu.savolainen@simeri.fi 3. Rekisterin nimi Koulutusrekisteri 4. Henkil\u00f6tietojen k\u00e4sittelyn tarkoitus ja oikeusperuste Henkil\u00f6tietojen k\u00e4sittely perustuu rekister\u00f6idyn suostumukseen [&hellip;]\" \/>\n<meta property=\"og:url\" content=\"https:\/\/simeri.fi\/henkilonostinkorttikoulutus\/tietosuojaseloste\/\" \/>\n<meta property=\"og:site_name\" content=\"Simeri - IPAF - henkil\u00f6nostinkortti koulutukset\" \/>\n<meta name=\"twitter:card\" content=\"summary_large_image\" \/>\n<meta name=\"twitter:label1\" content=\"Arvioitu lukuaika\" \/>\n\t<meta name=\"twitter:data1\" content=\"2 minuuttia\" \/>\n<script type=\"application\/ld+json\" class=\"yoast-schema-graph\">{\"@context\":\"https:\\\/\\\/schema.org\",\"@graph\":[{\"@type\":\"WebPage\",\"@id\":\"https:\\\/\\\/simeri.fi\\\/henkilonostinkorttikoulutus\\\/tietosuojaseloste\\\/\",\"url\":\"https:\\\/\\\/simeri.fi\\\/henkilonostinkorttikoulutus\\\/tietosuojaseloste\\\/\",\"name\":\"Tietosuojaseloste - Koulutusrekisteri - Simeri - IPAF - henkil\u00f6nostinkortti koulutukset\",\"isPartOf\":{\"@id\":\"https:\\\/\\\/simeri.fi\\\/henkilonostinkorttikoulutus\\\/#website\"},\"datePublished\":\"2018-12-11T10:02:14+00:00\",\"breadcrumb\":{\"@id\":\"https:\\\/\\\/simeri.fi\\\/henkilonostinkorttikoulutus\\\/tietosuojaseloste\\\/#breadcrumb\"},\"inLanguage\":\"fi\",\"potentialAction\":[{\"@type\":\"ReadAction\",\"target\":[\"https:\\\/\\\/simeri.fi\\\/henkilonostinkorttikoulutus\\\/tietosuojaseloste\\\/\"]}]},{\"@type\":\"BreadcrumbList\",\"@id\":\"https:\\\/\\\/simeri.fi\\\/henkilonostinkorttikoulutus\\\/tietosuojaseloste\\\/#breadcrumb\",\"itemListElement\":[{\"@type\":\"ListItem\",\"position\":1,\"name\":\"Home\",\"item\":\"https:\\\/\\\/simeri.fi\\\/henkilonostinkorttikoulutus\\\/\"},{\"@type\":\"ListItem\",\"position\":2,\"name\":\"Tietosuojaseloste &#8211; Koulutusrekisteri\"}]},{\"@type\":\"WebSite\",\"@id\":\"https:\\\/\\\/simeri.fi\\\/henkilonostinkorttikoulutus\\\/#website\",\"url\":\"https:\\\/\\\/simeri.fi\\\/henkilonostinkorttikoulutus\\\/\",\"name\":\"Simeri - IPAF - henkil\u00f6nostinkortti koulutukset\",\"description\":\"\",\"publisher\":{\"@id\":\"https:\\\/\\\/simeri.fi\\\/henkilonostinkorttikoulutus\\\/#organization\"},\"potentialAction\":[{\"@type\":\"SearchAction\",\"target\":{\"@type\":\"EntryPoint\",\"urlTemplate\":\"https:\\\/\\\/simeri.fi\\\/henkilonostinkorttikoulutus\\\/?s={search_term_string}\"},\"query-input\":{\"@type\":\"PropertyValueSpecification\",\"valueRequired\":true,\"valueName\":\"search_term_string\"}}],\"inLanguage\":\"fi\"},{\"@type\":\"Organization\",\"@id\":\"https:\\\/\\\/simeri.fi\\\/henkilonostinkorttikoulutus\\\/#organization\",\"name\":\"Simeri - IPAF - henkil\u00f6nostinkortti koulutukset\",\"url\":\"https:\\\/\\\/simeri.fi\\\/henkilonostinkorttikoulutus\\\/\",\"logo\":{\"@type\":\"ImageObject\",\"inLanguage\":\"fi\",\"@id\":\"https:\\\/\\\/simeri.fi\\\/henkilonostinkorttikoulutus\\\/#\\\/schema\\\/logo\\\/image\\\/\",\"url\":\"https:\\\/\\\/simeri.fi\\\/henkilonostinkorttikoulutus\\\/wp-content\\\/uploads\\\/sites\\\/3\\\/2020\\\/09\\\/simeri-ipaf-logo-2.jpg\",\"contentUrl\":\"https:\\\/\\\/simeri.fi\\\/henkilonostinkorttikoulutus\\\/wp-content\\\/uploads\\\/sites\\\/3\\\/2020\\\/09\\\/simeri-ipaf-logo-2.jpg\",\"width\":307,\"height\":49,\"caption\":\"Simeri - IPAF - henkil\u00f6nostinkortti koulutukset\"},\"image\":{\"@id\":\"https:\\\/\\\/simeri.fi\\\/henkilonostinkorttikoulutus\\\/#\\\/schema\\\/logo\\\/image\\\/\"}}]}<\/script>\n<!-- \/ Yoast SEO plugin. -->","yoast_head_json":{"title":"Tietosuojaseloste - Koulutusrekisteri - Simeri - IPAF - henkil\u00f6nostinkortti koulutukset","robots":{"index":"index","follow":"follow","max-snippet":"max-snippet:-1","max-image-preview":"max-image-preview:large","max-video-preview":"max-video-preview:-1"},"canonical":"https:\/\/simeri.fi\/henkilonostinkorttikoulutus\/tietosuojaseloste\/","og_locale":"fi_FI","og_type":"article","og_title":"Tietosuojaseloste - Koulutusrekisteri - Simeri - IPAF - henkil\u00f6nostinkortti koulutukset","og_description":"EU:n yleinen tietosuoja-asetus (2016\/679) Henkil\u00f6tietolaki (1999\/523) 10\u00a7 ja 24\u00a7 P\u00e4ivitetty 11.12.2018 1. Rekisterinpit\u00e4j\u00e4 Simeri Oy (Y 0944332-6), Riihikuja 3, 01720 Vantaa, p.020 770 5800 www.simeri.fi, info@simeri.fi 2. Yhteyshenkil\u00f6 rekisteri\u00e4 koskevissa asioissa Satu Savolainen, Simeri Oy, Riihikuja 3, 01720 Vantaa satu.savolainen@simeri.fi 3. Rekisterin nimi Koulutusrekisteri 4. Henkil\u00f6tietojen k\u00e4sittelyn tarkoitus ja oikeusperuste Henkil\u00f6tietojen k\u00e4sittely perustuu rekister\u00f6idyn suostumukseen [&hellip;]","og_url":"https:\/\/simeri.fi\/henkilonostinkorttikoulutus\/tietosuojaseloste\/","og_site_name":"Simeri - IPAF - henkil\u00f6nostinkortti koulutukset","twitter_card":"summary_large_image","twitter_misc":{"Arvioitu lukuaika":"2 minuuttia"},"schema":{"@context":"https:\/\/schema.org","@graph":[{"@type":"WebPage","@id":"https:\/\/simeri.fi\/henkilonostinkorttikoulutus\/tietosuojaseloste\/","url":"https:\/\/simeri.fi\/henkilonostinkorttikoulutus\/tietosuojaseloste\/","name":"Tietosuojaseloste - Koulutusrekisteri - Simeri - IPAF - henkil\u00f6nostinkortti koulutukset","isPartOf":{"@id":"https:\/\/simeri.fi\/henkilonostinkorttikoulutus\/#website"},"datePublished":"2018-12-11T10:02:14+00:00","breadcrumb":{"@id":"https:\/\/simeri.fi\/henkilonostinkorttikoulutus\/tietosuojaseloste\/#breadcrumb"},"inLanguage":"fi","potentialAction":[{"@type":"ReadAction","target":["https:\/\/simeri.fi\/henkilonostinkorttikoulutus\/tietosuojaseloste\/"]}]},{"@type":"BreadcrumbList","@id":"https:\/\/simeri.fi\/henkilonostinkorttikoulutus\/tietosuojaseloste\/#breadcrumb","itemListElement":[{"@type":"ListItem","position":1,"name":"Home","item":"https:\/\/simeri.fi\/henkilonostinkorttikoulutus\/"},{"@type":"ListItem","position":2,"name":"Tietosuojaseloste &#8211; Koulutusrekisteri"}]},{"@type":"WebSite","@id":"https:\/\/simeri.fi\/henkilonostinkorttikoulutus\/#website","url":"https:\/\/simeri.fi\/henkilonostinkorttikoulutus\/","name":"Simeri - IPAF - henkil\u00f6nostinkortti koulutukset","description":"","publisher":{"@id":"https:\/\/simeri.fi\/henkilonostinkorttikoulutus\/#organization"},"potentialAction":[{"@type":"SearchAction","target":{"@type":"EntryPoint","urlTemplate":"https:\/\/simeri.fi\/henkilonostinkorttikoulutus\/?s={search_term_string}"},"query-input":{"@type":"PropertyValueSpecification","valueRequired":true,"valueName":"search_term_string"}}],"inLanguage":"fi"},{"@type":"Organization","@id":"https:\/\/simeri.fi\/henkilonostinkorttikoulutus\/#organization","name":"Simeri - IPAF - henkil\u00f6nostinkortti koulutukset","url":"https:\/\/simeri.fi\/henkilonostinkorttikoulutus\/","logo":{"@type":"ImageObject","inLanguage":"fi","@id":"https:\/\/simeri.fi\/henkilonostinkorttikoulutus\/#\/schema\/logo\/image\/","url":"https:\/\/simeri.fi\/henkilonostinkorttikoulutus\/wp-content\/uploads\/sites\/3\/2020\/09\/simeri-ipaf-logo-2.jpg","contentUrl":"https:\/\/simeri.fi\/henkilonostinkorttikoulutus\/wp-content\/uploads\/sites\/3\/2020\/09\/simeri-ipaf-logo-2.jpg","width":307,"height":49,"caption":"Simeri - IPAF - henkil\u00f6nostinkortti koulutukset"},"image":{"@id":"https:\/\/simeri.fi\/henkilonostinkorttikoulutus\/#\/schema\/logo\/image\/"}}]}},"_links":{"self":[{"href":"https:\/\/simeri.fi\/henkilonostinkorttikoulutus\/wp-json\/wp\/v2\/pages\/80","targetHints":{"allow":["GET"]}}],"collection":[{"href":"https:\/\/simeri.fi\/henkilonostinkorttikoulutus\/wp-json\/wp\/v2\/pages"}],"about":[{"href":"https:\/\/simeri.fi\/henkilonostinkorttikoulutus\/wp-json\/wp\/v2\/types\/page"}],"author":[{"embeddable":true,"href":"https:\/\/simeri.fi\/henkilonostinkorttikoulutus\/wp-json\/wp\/v2\/users\/1"}],"replies":[{"embeddable":true,"href":"https:\/\/simeri.fi\/henkilonostinkorttikoulutus\/wp-json\/wp\/v2\/comments?post=80"}],"version-history":[{"count":0,"href":"https:\/\/simeri.fi\/henkilonostinkorttikoulutus\/wp-json\/wp\/v2\/pages\/80\/revisions"}],"wp:attachment":[{"href":"https:\/\/simeri.fi\/henkilonostinkorttikoulutus\/wp-json\/wp\/v2\/media?parent=80"}],"curies":[{"name":"wp","href":"https:\/\/api.w.org\/{rel}","templated":true}]}}